 + 2?
231221323
In base 9, what is 87158 + -30?
87128
In base 10, what is -2940718 + -2?
-2940720
In base 4, what is -10100001 - -11?
-10033330
In base 16, what is 153b + -4?
1537
In base 12, what is -1987 + 14?
-1973
In base 14, what is -23 - 869?
-88c
In base 14, what is -b1 - -139d?
12cc
In base 2, what is -1110000110010 - -1011?
-1110000100111
In base 10, what is -3075158 - 1?
-3075159
In base 11, what is -78a37 + -5?
-78a41
In base 16, what is -15530 + 28?
-15508
In base 14, what is 7344 + -3?
7341
In base 7, what is 154030 - 4?
154023
In base 7, what is 1 - -12506?
12510
In base 12, what is -4 + -4a66b1?
-4a66b5
In base 7, what is 14044 - 163?
13551
In base 12, what is -19260 + 1?
-1925b
In base 4, what is 213101 - -30002?
303103
In base 10, what is 265 + -327?
-62
In base 8, what is 7014 + 3?
7017
In base 10, what is -135 + 1423?
1288
In base 3, what is 2211220222 - 12?
2211220210
In base 2, what is -10 - 11100100001111001?
-11100100001111011
In base 16, what is -733c - -d1?
-726b
In base 11, what is 165 - 31?
134
In base 3, what is -220021122211 - -11?
-220021122200
In base 14, what is -604 + -32?
-636
In base 2, what is -10110001111000 - 101001?
-10110010100001
In base 6, what is 33 + -25333?
-25300
In base 14, what is -1 - 2aa5?
-2aa6
In base 4, what is 20 + -2031?
-2011
In base 16, what is e33 - -91?
ec4
In base 8, what is 24 + 5555?
5601
In base 16, what is 1420 - -4?
1424
In base 9, what is 11 + -81687?
-81676
In base 4, what is -12303031 - 32?
-12303123
In base 15, what is -a2 + 561?
4ae
In base 14, what is -14 - 1006?
-101a
In base 9, what is 103 - -5731?
5834
In base 14, what is 24 + -1505?
-14c1
In base 13, what is 82a16 + 4?
82a1a
In base 16, what is -4 - -115de?
115da
In base 4, what is 302100333 - -11?
302101010
In base 5, what is -242 - 2141?
-2433
In base 11, what is 319 - 678?
-35a
In base 5, what is 13 - 140142?
-140124
In base 14, what is 8 + 2621?
2629
In base 15, what is 145 - -b?
151
In base 2, what is 101 - -1101110101?
1101111010
In base 3, what is 20 - 1200200110?
-1200200020
In base 6, what is 302053 + -5?
302044
In base 13, what is -371 - -186?
-1b8
In base 13, what is 915 + -6?
90c
In base 14, what is -4 + 2340?
233a
In base 6, what is -130453 - 120?
-131013
In base 12, what is -5a - -15?
-45
In base 14, what is 22c9c - b?
22c91
In base 7, what is 24 + -45662?
-45635
In base 13, what is 40 + -410?
-3a0
In base 5, what is -13102 + 131?
-12421
In base 11, what is -55 - 34a96?
-35040
In base 15, what is 1b44 + -10?
1b34
In base 5, what is -44 - -1213?
1114
In base 8, what is -1372 + -23?
-1415
In base 15, what is 926 + -25?
901
In base 9, what is 4 - -584111?
584115
In base 7, what is -445 + 3134?
2356
In base 12, what is b016 + 32?
b048
In base 13, what is 2 - -1bc9a0?
1bc9a2
In base 10, what is 1 - 43909?
-43908
In base 10, what is -38 + 157921?
157883
In base 5, what is -242 + 1414421?
1414124
In base 7, what is 2 + 450134?
450136
In base 6, what is 11 - 525444?
-525433
In base 10, what is 3 + 49492?
49495
In base 7, what is 3 + 666165?
666201
In base 9, what is -368 + -1823?
-2302
In base 9, what is 12 - 600?
-577
In base 16, what is 10 - 18cf2?
-18ce2
In base 7, what is -121245 + 264?
-120651
In base 10, what is 83 + -88?
-5
In base 11, what is 10 + -12739?
-12729
In base 6, what is -4351012 + 1?
-4351011
In base 4, what is -233332322131 - 10?
-233332322201
In base 6, what is 2 + 43140?
43142
In base 14, what is -4c + 224?
1b6
In base 10, what is 3313 - -884?
4197
In base 15, what is -277d4 + 3?
-277d1
In base 3, what is 12 - -1202121002?
1202121021
In base 3, what is 1221000 - 10011?
1210212
In base 6, what is -1023430 + -32?
-1023502
In base 6, what is -2220354 - -5?
-2220345
In base 10, what is -137 - 231?
-368
In base 16, what is -114b - 157?
-12a2
In base 2, what is 1001111111001 - -10000011?
1010001111100
In base 7, what is -1215 - 544?
-2062
In base 14, what is -145 + 29a9?
2864
In base 12, what is -3 - -b65a7?
b65a4
In base 13, what is 114 + -b5?
2c
In base 3, what is -212122111121 - -11?
-212122111110
In base 7, what is -5346 - 5?
-5354
In base 10, what is -2 - 10853?
-10855
In base 2, what is 0 + 1101101110111?
1101101110111
In base 13, what is -6 - 4708c?
-47095
In base 4, what is -323332 + 1320?
-322012
In base 7, what is 204 + 1602?
2106
In base 13, what is 43b + -c04?
-796
In base 6, what is 240 - 333?
-53
In base 9, what is -714 - -72?
-632
In base 13, what is 260 + -27?
236
In base 3, what is 100220122 + -1202?
100211220
In base 4, what is 2330213202 + 10?
2330213212
In base 13, what is 445a38 + 0?
445a38
In base 6, what is -2125104 - -1?
-2125103
In base 12, what is 15 - 1657?
-1642
In base 11, what is -8a8 - 34?
-931
In base 7, what is 64 - 2552?
-2455
In base 2, what is 100 - 10111110110010001111?
-10111110110010001011
In base 2, what is -1001111101010011 - 110?
-1001111101011001
In base 7, what is 50 + -2162?
-2112
In base 15, what is -3 - d4a?
-d4d
In base 4, what is 103120212 - -10?
103120222
In base 3, what is -112010020 + -22122?
-112102212
In base 4, what is 2101 - -2133011?
2201112
In base 13, what is 1c0ba - -4?
1c0c1
In base 9, what is 327 + 280?
617
In base 6, what is 202 + -41354?
-41152
In base 15, what is 126 - 81?
95
In base 2, what is -1001100001 - -11000?
-1001001001
In base 7, what is 106 - -35433?
35542
In base 12, what is 90 - 39b?
-30b
In base 7, what is 5 - -22621?
22626
In base 13, what is 81763c + 4?
817643
In base 15, what is 510 - 2?
50d
In base 15, what is -7 + -47dd1?
-47dd8
In base 12, what is 5 - 21589?
-21584
In base 10, what is 5 + -2111?
-2106
In base 14, what is -2 + 1a6a?
1a68
In base 13, what is c15 - -31?
c46
In base 6, what is -12 + 201405?
201353
In base 14, what is 4 + -3b554?
-3b550
In base 16, what is 6b - 287?
-21c
In base 13, what is -3331 + -16?
-3347
In base 12, what is 11110 - -3?
11113
In base 6, what is 53 + 235052?
235145
In base 16, what is 0 - 3d614?
-3d614
In base 7, what is 1112 + -42?
1040
In base 11, what is 219 + 14?
232
In base 3, what is 2022001211 + -21?
2022001120
In base 15, what is -5 + 25e05?
25e00
In base 11, what is 469 + 181?
63a
In base 13, what is -2 - a199?
-a19b
In base 2, what is -101101011001110 + -10010?
-101101011100000
In base 8, what is 245 - 3614?
-3347
In base 13, what is -26 + 795?
76c
In base 10, what is 4192 - 5?
4187
In base 7, what is -2 + -4043?
-4045
In base 9, what is -3 - 424714?
-424717
In base 11, what is 618 - 1276?
-759
In base 2, what is 101 - 1011101111100?
-1011101110111
In base 13, what is 6 - 357bc?
-357b6
In base 4, what is -211003 - -33?
-210310
In base 16, what is 3 + -51d0d?
-51d0a
In base 12, what is 3 + -2818a9?
-2818a6
In base 2, what is -100000010001 + 101001001?
-11011001000
In base 12, what is -20595 + -3?
-20598
In base 11, what is -2a + 32492?
32463
In base 15, what is 19bb1 - 3?
19bad
In base 6, what is 102 - -152?
254
In base 3, what is 11 - 1211022102101?
-1211022102020
In base 15, what is 32 - 122b?
-11e9
In base 3, what is -12 - -111001010112?
111001010100
In base 15, what is -6 + -14ea?
-1501
In base 11, what is 1508 + -14?
14a4
In base 11, what is -106 - 77?
-182
In base 4, what is 212 + -1023?
-211
In base 9, what is 1 + -11242?
-11241
In base 6, what is 202300 - 3?
202253
In base 7, what is 452112 - 0?
452112
In base 8, what is 64176 - -1?
64177
In base 12, what is 146 + -316?
-190
In base 5, what is -11343231 + -1?
-11343232
In base 14, what is -132 + 1a8?
76
In base 13, what is 3 + -c0a1?
-c09b
In base 7, what is -342112 + 2?
-342110
In base 10, what is 479 + 57?
536
In base 12, what is 1651 + 2ab?
1940
In base 3, what is 1201000 - -102?
1201102
In base 8, what is 263 + 4753?
5236
In base 3, what is -1001011 + 100210?
-200101
In base 16, what is 24 + a685?
a6a9
In base 8, what is 124 - 1712?
-1566
In base 8, what is -1036 + -120?
-1156
In base 13, what is 0 - -553?
553
In base 5, what is -10 + 10212302?
10212242
In base 9, what is -305 + 406?
101
In base 14, what is -580 + 107?
-477
In base 3, what is 12 - 201121211221?
-201121211202
In base 10, what is -2 - -840?
838
In base 15, what is -799d + -2a?
-79c8
In base 10, what is -160626 - -2?
-160624
In base 2, what is -10111101011 - -1010100?
-10110010111
In base 10, what is 13 - -5892?
5905
In base 16, what is -866f + 